 is the ten thousands digit of 1163446?
6
What is the tens digit of 23665780?
8
What is the thousands digit of 714516?
4
What is the ten thousands digit of 126337?
2
What is the thousands digit of 19640?
9
What is the hundred thousands digit of 23880911?
8
What is the units digit of 2893392?
2
What is the tens digit of 2598947?
4
What is the ten thousands digit of 258694?
5
What is the thousands digit of 523115?
3
What is the ten thousands digit of 694193?
9
What is the millions digit of 1126312?
1
What is the thousands digit of 699062?
9
What is the tens digit of 3340436?
3
What is the millions digit of 1436038?
1
What is the hundreds digit of 232665?
6
What is the thousands digit of 1654909?
4
What is the ten thousands digit of 2647691?
4
What is the units digit of 109273?
3
What is the tens digit of 4361534?
3
What is the hundreds digit of 252142?
1
What is the ten millions digit of 43825150?
4
What is the millions digit of 2533793?
2
What is the hundreds digit of 543988?
9
What is the ten thousands digit of 2528414?
2
What is the hundreds digit of 8297010?
0
What is the units digit of 223917?
7
What is the hundred thousands digit of 20656832?
6
What is the units digit of 193156?
6
What is the tens digit of 188234?
3
What is the ten thousands digit of 8919734?
1
What is the hundred thousands digit of 2282954?
2
What is the hundreds digit of 721241?
2
What is the hundred thousands digit of 2437637?
4
What is the tens digit of 523751?
5
What is the hundred thousands digit of 1452855?
4
What is the tens digit of 3680150?
5
What is the ten millions digit of 13708606?
1
What is the thousands digit of 4434339?
4
What is the units digit of 1114459?
9
What is the tens digit of 666687?
8
What is the units digit of 6221193?
3
What is the units digit of 145280?
0
What is the thousands digit of 395444?
5
What is the millions digit of 3019163?
3
What is the millions digit of 10078507?
0
What is the thousands digit of 599263?
9
What is the hundreds digit of 193192?
1
What is the thousands digit of 1798263?
8
What is the tens digit of 3445250?
5
What is the ten thousands digit of 8950175?
5
What is the hundreds digit of 9625408?
4
What is the millions digit of 10657357?
0
What is the ten thousands digit of 2239904?
3
What is the hundreds digit of 4021467?
4
What is the hundred thousands digit of 6410459?
4
What is the millions digit of 2554446?
2
What is the thousands digit of 680063?
0
What is the tens digit of 19532189?
8
What is the tens digit of 13482652?
5
What is the hundred thousands digit of 9865859?
8
What is the ten thousands digit of 1108522?
0
What is the hundred thousands digit of 351747?
3
What is the hundreds digit of 282029?
0
What is the units digit of 1385905?
5
What is the hundred thousands digit of 403446?
4
What is the hundred thousands digit of 201863?
2
What is the hundreds digit of 506167?
1
What is the thousands digit of 4278167?
8
What is the tens digit of 2381072?
7
What is the tens digit of 299681?
8
What is the tens digit of 662638?
3
What is the ten thousands digit of 3167511?
6
What is the units digit of 144190?
0
What is the hundred thousands digit of 18135664?
1
What is the units digit of 1979466?
6
What is the hundreds digit of 62218?
2
What is the hundreds digit of 254378?
3
What is the hundreds digit of 909945?
9
What is the ten millions digit of 14837620?
1
What is the ten thousands digit of 1313233?
1
What is the hundred thousands digit of 282564?
2
What is the ten thousands digit of 5108931?
0
What is the units digit of 546081?
1
What is the hundreds digit of 1057274?
2
What is the ten thousands digit of 7123892?
2
What is the units digit of 171741?
1
What is the hundreds digit of 424470?
4
What is the ten thousands digit of 776824?
7
What is the units digit of 112645?
5
What is the thousands digit of 321534?
1
What is the hundreds digit of 3215875?
8
What is the ten thousands digit of 1467127?
6
What is the units digit of 6097286?
6
What is the millions digit of 1481845?
1
What is the hundreds digit of 11425174?
1
What is the tens digit of 3463947?
4
What is the ten thousands digit of 486766?
8
What is the hundred thousands digit of 749084?
7
What is the hundred thousands digit of 1363879?
3
What is the hundreds digit of 6306302?
3
What is the hundred thousands digit of 24004832?
0
What is the thousands digit of 572678?
2
What is the ten thousands digit of 8064614?
6
What is the thousands digit of 259963?
9
What is the units digit of 1976982?
2
What is the millions digit of 6930739?
6
What is the units digit of 12763052?
2
What is the thousands digit of 10605074?
5
What is the hundred thousands digit of 145686?
1
What is the tens digit of 7130888?
8
What is the thousands digit of 1530229?
0
What is the millions digit of 15301805?
5
What is the hundred thousands digit of 181759?
1
What is the hundred thousands digit of 418388?
4
What is the hundreds digit of 53802?
8
What is the hundreds digit of 118861?
8
What is the ten thousands digit of 4572375?
7
What is the tens digit of 1276108?
0
What is the tens digit of 6964?
6
What is the millions digit of 2446044?
2
What is the ten thousands digit of 72992?
7
What is the ten thousands digit of 4165163?
6
What is the hundreds digit of 3698023?
0
What is the hundreds digit of 308960?
9
What is the millions digit of 1780004?
1
What is the hundreds digit of 23624?
6
What is the thousands digit of 9374?
9
What is the units digit of 73114?
4
What is the ten thousands digit of 349143?
4
What is the units digit of 28602966?
6
What is the units digit of 74471?
1
What is the millions digit of 3533555?
3
What is the millions digit of 1163362?
1
What is the ten millions digit of 10269144?
1
What is the millions digit of 1611772?
1
What is the tens digit of 251934?
3
What is the units digit of 1365373?
3
What is the tens digit of 10120240?
4
What is the hundreds digit of 4385058?
0
What is the ten thousands digit of 1358847?
5
What is the millions digit of 11392567?
1
What is the units digit of 6286323?
3
What is the millions digit of 18371747?
8
What is the thousands digit of 4032844?
2
What is the tens digit of 179198?
9
What is the tens digit of 35224?
2
What is the ten thousands digit of 38149?
3
What is the hundred thousands digit of 217410?
2
What is the millions digit of 5195017?
5
What is the thousands digit of 50452?
0
What is the tens digit of 125449?
4
What is the hundred thousands digit of 180230?
1
What is the thousands digit of 26417328?
7
What is the units digit of 5750265?
5
What is the tens digit of 782165?
6
What is the hundred thousands digit of 2147665?
1
What is the ten thousands digit of 26359?
2
What is the hundreds digit of 5829754?
7
What is the ten thousands digit of 1575269?
7
What is the hundreds digit of 68086?
0
What is the units digit of 2341019?
9
What is the ten thousands digit of 320917?
2
What is the thousands digit of 6280072?
0
What is the thousands digit of 888198?
8
What is the tens digit of 23950?
5
What is the hundreds digit of 23171?
1
What is the hundreds digit of 1919101?
1
What is the tens digit of 3624455?
5
What is the hundreds digit of 2564794?
7
What is the millions digit of 1314722?
1
What is the ten thousands digit of 399373?
9
What is the hundred thousands digit of 273499?
2
What is the hundreds digit of 1181831?
8
What is the units digit of 3983528?
8
What is the units digit of 750208?
8
What is the hundreds digit of 4120617?
6
What is the hundred thousands digit of 360535?
3
What is the thousands digit of 1152676?
2
What is the thousands digit of 12286851?
6
What is the tens digit of 6017352?
5
What is the ten thousands digit of 3762258?
6
What is the units digit of 5577202?
2
What is the tens digit of 294597?
9
What is the hundreds digit of 147773?
7
What is the units digit of 2807625?
5
What is the thousands digit of 2543039?
3
What is the hundred thousands digit of 632090?
6
What is the tens digit of 322413?
1
What is the millions digit of 6110170?
6
What is the tens digit of 258342?
4
What is the thousands digit of 285267?
5
What is the hundreds digit of 1107031?
0
What is the units digit of 14447117?
7
What is the ten millions digit of 11471135?
1
What is the hundreds digit of 1691128?
1
What is the ten thousands digit of